5 composite?
True
Is 24830059 a prime number?
True
Is 48521303 a prime number?
True
Is 46377671 composite?
False
Is 217721441 a prime number?
False
Is 17386151 prime?
True
Is 333074771 composite?
True
Is 835537 a composite number?
True
Is 32320139 a composite number?
False
Is 32679091 composite?
True
Is 32525467 composite?
True
Is 22610813 prime?
True
Is 3549509 a composite number?
False
Is 377400167 composite?
True
Is 454703 prime?
False
Is 1571093 a prime number?
True
Is 138567673 a prime number?
False
Is 6020491 composite?
False
Is 18847099 a composite number?
False
Is 68242777 a composite number?
True
Is 908383951 composite?
True
Is 13038127 a composite number?
True
Is 16838359 a prime number?
False
Is 670513 prime?
False
Is 250554091 prime?
False
Is 5119811 prime?
True
Is 2620223 a prime number?
True
Is 62165381 a composite number?
True
Is 9878213 a composite number?
True
Is 4595477 a prime number?
True
Is 1090181 prime?
True
Is 2191121 a prime number?
True
Is 5220403 prime?
True
Is 1047464479 a prime number?
True
Is 11602063 prime?
False
Is 46336201 a composite number?
True
Is 60238751 a prime number?
True
Is 1085507 prime?
False
Is 22180319 prime?
False
Is 123021253 prime?
True
Is 209256997 a prime number?
True
Is 2635543 composite?
False
Is 528526 prime?
False
Is 7978003 prime?
False
Is 1992073 a composite number?
False
Is 10121897 a prime number?
True
Is 188607251 prime?
False
Is 2318951 composite?
False
Is 415587527 a composite number?
False
Is 4826243 prime?
False
Is 3636401 composite?
False
Is 189217 prime?
False
Is 1785913 prime?
True
Is 2443351 a prime number?
True
Is 1368091 prime?
False
Is 13285147 a prime number?
True
Is 55046507 prime?
False
Is 411991 a prime number?
True
Is 15870451 a prime number?
True
Is 115189 prime?
False
Is 145283231 a composite number?
False
Is 7264717 composite?
False
Is 4063061 a composite number?
False
Is 105993155 prime?
False
Is 1299929 composite?
True
Is 159667 a composite number?
False
Is 90824243 a prime number?
True
Is 23219639 a composite number?
False
Is 66211927 composite?
True
Is 1222291 a prime number?
False
Is 306204251 prime?
False
Is 1093199 a composite number?
False
Is 9440383 composite?
False
Is 50209933 composite?
True
Is 1514231 a composite number?
False
Is 10353253 a composite number?
True
Is 36846521 a composite number?
False
Is 24244453 composite?
False
Is 9688645 a composite number?
True
Is 10075609 prime?
True
Is 36214715 a composite number?
True
Is 578965 composite?
True
Is 229907 composite?
True
Is 239464271 a prime number?
True
Is 72194777 a composite number?
False
Is 69516137 a prime number?
False
Is 8073283 a prime number?
False
Is 26180797 a composite number?
False
Is 2054915 a prime number?
False
Is 5063209 a composite number?
False
Is 2617873 a composite number?
False
Is 2775931 composite?
False
Is 14788931 composite?
True
Is 9254237 composite?
False
Is 4647091 prime?
True
Is 954409 a prime number?
True
Is 38919893 prime?
False
Is 4805329 a composite number?
True
Is 5435357 a prime number?
True
Is 22963217 a composite number?
True
Is 763141 a prime number?
True
Is 72452381 composite?
False
Is 44131753 prime?
True
Is 140591 composite?
True
Is 7109174 composite?
True
Is 10838159 a composite number?
True
Is 62413379 prime?
False
Is 2439719 a prime number?
True
Is 689129053 composite?
True
Is 11679407 prime?
True
Is 16422373 a prime number?
False
Is 53604419 composite?
True
Is 104816003 a prime number?
True
Is 83236091 composite?
False
Is 1337569 a prime number?
False
Is 7188277 composite?
False
Is 322062029 a composite number?
False
Is 236678467 a prime number?
True
Is 79353511 prime?
False
Is 78510273 prime?
False
Is 271348541 a composite number?
True
Is 78781609 prime?
False
Is 105276947 prime?
True
Is 2094307 a composite number?
True
Is 8871521 a prime number?
False
Is 149119 a composite number?
False
Is 20620823 composite?
False
Is 1954213 a composite number?
True
Is 4063417 a prime number?
True
Is 60919531 prime?
False
Is 770529709 prime?
False
Is 7884197 a prime number?
True
Is 2204537 a prime number?
True
Is 402526009 a prime number?
True
Is 12192017 a prime number?
True
Is 23041621 composite?
False
Is 898275169 composite?
True
Is 333522529 prime?
True
Is 89754319 composite?
False
Is 34964539 a composite number?
False
Is 35905199 a prime number?
False
Is 4114117 a prime number?
False
Is 125827423 a prime number?
True
Is 9132793 a prime number?
False
Is 92679343 prime?
True
Is 11850757 a prime number?
False
Is 79414303 prime?
False
Is 1115011 a composite number?
False
Is 8505127 a composite number?
False
Is 1095113 prime?
False
Is 1427782445 a composite number?
True
Is 115229327 composite?
False
Is 7678171 composite?
False
Is 154493273 prime?
False
Is 7677751 a prime number?
True
Is 347003 prime?
True
Is 352908359 prime?
True
Is 61193647 a prime number?
True
Is 8260997 a prime number?
False
Is 50218991 a composite number?
True
Is 123269357 composite?
True
Is 1962647701 a prime number?
False
Is 24936823 prime?
False
Is 695443391 composite?
False
Is 396742339 a composite number?
True
Is 1746497 prime?
True
Is 151520891 prime?
True
Is 51645257 a composite number?
True
Is 10654103 a composite number?
False
Is 4804837 a prime number?
True
Is 104702567 a composite number?
True
Is 44897845 prime?
False
Is 36013805 a composite number?
True
Is 2181203 composite?
False
Is 2531293 a prime number?
True
Is 8892379 prime?
True
Is 6740707 prime?
True
Is 7294387 composite?
True
Is 22927819 composite?
False
Is 716327 a prime number?
False
Is 7389589 composite?
False
Is 20048829 a prime number?
False
Is 100069357 composite?
False
Is 6674081 a prime number?
False
Is 6661877 composite?
True
Is 3934261 composite?
False
Is 2045429 composite?
True
Is 4364995 composite?
True
Is 1186891 composite?
True
Is 1999667 composite?
False
Is 8512981 prime?
True
Is 23832839 composite?
True
Is 76021811 composite?
False
Is 26756319 a prime number?
False
Is 13371933 prime?
False
Is 544429 composite?
False
Is 7512839 prime?
False
Is 9466621 composite?
False
Is 3869167 prime?
True
Is 417887427 a prime number?
False
Is 612823 composite?
False
Is 6408091 a prime number?
True
Is 1363771 prime?
True
Is 7696655 a prime number?
False
Is 110183491 a prime number?
False
Is 3805951 a prime number?
True
Is 5531711 prime?
True
Is 3561611 a prime number?
True
Is 17547461 prime?
True
Is 106369 prime?
False
Is 99688201 composite?
False
Is 30929155 a composite number?
True
Is 38131807 a composite number?
True
Is 112391 composite?
True
Is 66474953 a composite number?
True
Is 38662018 a prime number?
False
Is 27620081 a prime number?
True
Is 138642893 a prime number?
True
Is 31058801 a composite number?
True
Is 33701797 composite?
False
Is 29261093 composite?
False
Is 98555243 prime?
True
Is 522331 composite?
True
Is 507289 a composite number?
False
Is 4595639 composite?
True
Is 9936247 a composite number?
True
Is 6854789 a prime number?
True
Is 15580063 a composite number?
False
Is 85601617 a composite number?
True
Is 152632279 a prime number?
True
Is 128818687 a composite number?
False
Is 16348937 prime?
False
Is 53877677 a composite number?
True
Is 3629386 a composite number?
True
Is 648643741 prime?
True
Is 463951 a prime number?
False
Is 1866437 a prime number?
True
Is 3259147 prime?
False
Is 1098781 composite?
True
Is 29530871 prime?
False
Is 115425667 a prime number?
False
Is 33154349 composite?
False
Is 2954927 a prime number?
True
Is 3751177 a composite number?
False
Is 50798359 a composite number?
True
Is 5792569 a composite number?
False
Is 19303103 composite?
True
Is 42642241 prime?
False
Is 170594 a prime number?
False
Is 77545493 a composite number?
True
Is 18537937 prime?
False
Is 24740431 composite?
False
Is 153459101 prime?
True
Is 41967389 a prime number?
True
Is 4025269 prime?
True
Is 604397 composite?
False
Is 429104726 a prime number?
False
Is 4714757 a composite number?
False
Is 36567437 composite?
True
Is 153769379 a composite number?
True
Is 25872101 a composite number?
False
Is 231030487 prime?
True
Is 165893165 prime?
False
Is 103231841 composite?
False
Is 164007821 prime?
True
Is 33851185 composite?
True
Is 2944829 a composite number?
True
Is 28663007 composite?
False
Is 1382393 prime?
True